is the thousands digit of 2903517?
3
What is the ten thousands digit of 20980481?
8
What is the units digit of 856457?
7
What is the ten thousands digit of 10417649?
1
What is the tens digit of 527596?
9
What is the hundreds digit of 32856?
8
What is the units digit of 613589?
9
What is the hundred thousands digit of 2149394?
1
What is the ten thousands digit of 162471?
6
What is the tens digit of 1131643?
4
What is the units digit of 1353405?
5
What is the ten thousands digit of 6763425?
6
What is the thousands digit of 220565?
0
What is the units digit of 1414661?
1
What is the hundred thousands digit of 11369856?
3
What is the tens digit of 202595?
9
What is the thousands digit of 2295300?
5
What is the units digit of 33754?
4
What is the tens digit of 1622271?
7
What is the hundreds digit of 143045?
0
What is the thousands digit of 865185?
5
What is the hundred thousands digit of 312868?
3
What is the units digit of 5715672?
2
What is the hundred thousands digit of 162339?
1
What is the hundreds digit of 717295?
2
What is the units digit of 806236?
6
What is the hundreds digit of 1849229?
2
What is the thousands digit of 3073467?
3
What is the ten thousands digit of 2435282?
3
What is the thousands digit of 6499505?
9
What is the tens digit of 97601?
0
What is the ten thousands digit of 106829?
0
What is the thousands digit of 223509?
3
What is the units digit of 181968?
8
What is the ten thousands digit of 141447?
4
What is the tens digit of 782119?
1
What is the units digit of 5103733?
3
What is the hundreds digit of 2689134?
1
What is the units digit of 204654?
4
What is the hundreds digit of 5046?
0
What is the tens digit of 2112217?
1
What is the units digit of 545453?
3
What is the units digit of 226771?
1
What is the units digit of 2119091?
1
What is the ten thousands digit of 3204753?
0
What is the thousands digit of 585969?
5
What is the thousands digit of 2972233?
2
What is the thousands digit of 424804?
4
What is the hundred thousands digit of 5779021?
7
What is the ten thousands digit of 665695?
6
What is the thousands digit of 327841?
7
What is the hundreds digit of 5582430?
4
What is the thousands digit of 410420?
0
What is the hundreds digit of 217477?
4
What is the hundred thousands digit of 9281811?
2
What is the units digit of 603744?
4
What is the units digit of 908612?
2
What is the units digit of 9485983?
3
What is the units digit of 37910?
0
What is the tens digit of 203671?
7
What is the tens digit of 358793?
9
What is the hundreds digit of 856510?
5
What is the ten thousands digit of 249120?
4
What is the millions digit of 7621575?
7
What is the units digit of 929757?
7
What is the hundred thousands digit of 608605?
6
What is the units digit of 249188?
8
What is the tens digit of 476403?
0
What is the hundreds digit of 31509?
5
What is the hundred thousands digit of 241238?
2
What is the thousands digit of 351416?
1
What is the thousands digit of 1363486?
3
What is the hundreds digit of 17543703?
7
What is the hundred thousands digit of 1938539?
9
What is the ten thousands digit of 133228?
3
What is the hundreds digit of 14783695?
6
What is the ten thousands digit of 9939777?
3
What is the hundred thousands digit of 4664553?
6
What is the millions digit of 2011213?
2
What is the hundred thousands digit of 43223702?
2
What is the tens digit of 441354?
5
What is the millions digit of 4063991?
4
What is the tens digit of 335408?
0
What is the tens digit of 11619320?
2
What is the tens digit of 4691960?
6
What is the hundred thousands digit of 5005383?
0
What is the tens digit of 18517?
1
What is the units digit of 1597682?
2
What is the thousands digit of 142013?
2
What is the hundred thousands digit of 5124310?
1
What is the ten thousands digit of 29378551?
7
What is the ten thousands digit of 136907?
3
What is the hundreds digit of 1680276?
2
What is the ten thousands digit of 1325320?
2
What is the hundred thousands digit of 888922?
8
What is the ten thousands digit of 1186117?
8
What is the tens digit of 130008?
0
What is the hundred thousands digit of 1573172?
5
What is the ten thousands digit of 6318209?
1
What is the ten thousands digit of 16623014?
2
What is the millions digit of 2286468?
2
What is the ten thousands digit of 676024?
7
What is the hundreds digit of 6693521?
5
What is the tens digit of 174616?
1
What is the ten thousands digit of 1702906?
0
What is the millions digit of 10864067?
0
What is the hundreds digit of 87100?
1
What is the units digit of 3149245?
5
What is the ten thousands digit of 8422290?
2
What is the ten millions digit of 14611643?
1
What is the units digit of 15746065?
5
What is the tens digit of 3273383?
8
What is the millions digit of 16008598?
6
What is the units digit of 186853?
3
What is the ten thousands digit of 795184?
9
What is the ten thousands digit of 1964427?
6
What is the hundred thousands digit of 560849?
5
What is the ten thousands digit of 423100?
2
What is the units digit of 7376427?
7
What is the hundreds digit of 431546?
5
What is the thousands digit of 34773254?
3
What is the thousands digit of 95443?
5
What is the hundred thousands digit of 139261?
1
What is the tens digit of 77069?
6
What is the thousands digit of 6826037?
6
What is the millions digit of 6476649?
6
What is the hundreds digit of 1276605?
6
What is the tens digit of 804999?
9
What is the hundreds digit of 22536516?
5
What is the tens digit of 2298321?
2
What is the ten thousands digit of 3274415?
7
What is the tens digit of 1825467?
6
What is the units digit of 360082?
2
What is the hundreds digit of 1263589?
5
What is the units digit of 87408?
8
What is the millions digit of 2542250?
2
What is the tens digit of 10282006?
0
What is the tens digit of 3538049?
4
What is the hundreds digit of 2225013?
0
What is the ten thousands digit of 537458?
3
What is the hundred thousands digit of 1565042?
5
What is the millions digit of 1090108?
1
What is the thousands digit of 232628?
2
What is the millions digit of 2627916?
2
What is the tens digit of 185565?
6
What is the ten thousands digit of 230858?
3
What is the units digit of 70793?
3
What is the units digit of 272158?
8
What is the ten thousands digit of 175566?
7
What is the hundreds digit of 21131?
1
What is the hundred thousands digit of 1089877?
0
What is the tens digit of 579124?
2
What is the hundreds digit of 207969?
9
What is the ten thousands digit of 1374390?
7
What is the tens digit of 151554?
5
What is the millions digit of 2263235?
2
What is the tens digit of 162392?
9
What is the hundreds digit of 318172?
1
What is the hundreds digit of 161287?
2
What is the millions digit of 2600472?
2
What is the hundred thousands digit of 1018768?
0
What is the ten thousands digit of 2050286?
5
What is the thousands digit of 78279?
8
What is the thousands digit of 1554375?
4
What is the ten thousands digit of 19988624?
8
What is the thousands digit of 56539?
6
What is the ten thousands digit of 13765?
1
What is the ten thousands digit of 3776015?
7
What is the units digit of 1113274?
4
What is the tens digit of 3896819?
1
What is the thousands digit of 6741785?
1
What is the thousands digit of 2463822?
3
What is the millions digit of 2908961?
2
What is the ten millions digit of 10671197?
1
What is the units digit of 689797?
7
What is the hundreds digit of 820444?
4
What is the hundred thousands digit of 2381960?
3
What is the ten thousands digit of 4863494?
6
What is the units digit of 40492?
2
What is the thousands digit of 9863937?
3
What is the hundred thousands digit of 7195016?
1
What is the millions digit of 5864736?
5
What is the thousands digit of 762432?
2
What is the hundreds digit of 41432?
4
What is the hundreds digit of 240955?
9
What is the tens digit of 590350?
5
What is the units digit of 537246?
6
What is the units digit of 4644707?
7
What is the ten thousands digit of 586612?
8
What is the ten thousands digit of 43573388?
7
What is the tens digit of 2059807?
0
What is the millions digit of 2085192?
2
What is the ten millions digit of 18294897?
1
What is the ten thousands digit of 645900?
4
What is the units digit of 1557342?
2
What is the ten thousands digit of 2454712?
5
What is the millions digit of 9371580?
9
What is the te